7997369 composite?
True
Is 8125649 a prime number?
False
Is 436129 composite?
True
Is 41616623 a prime number?
True
Is 25088933 composite?
True
Is 342413 a prime number?
True
Is 37070233 a prime number?
True
Is 1320607 a composite number?
False
Is 1333331 prime?
True
Is 642403 a composite number?
False
Is 676273 prime?
False
Is 11781089 composite?
False
Is 1580297 prime?
False
Is 78148339 a prime number?
True
Is 360787919 prime?
True
Is 329435473 a composite number?
True
Is 512238409 composite?
False
Is 20077 a composite number?
True
Is 23992523 composite?
False
Is 130076879 a prime number?
True
Is 1271278 composite?
True
Is 968302 a prime number?
False
Is 99389011 composite?
True
Is 897013 composite?
True
Is 22853 a composite number?
False
Is 4576939 composite?
False
Is 3103711 a prime number?
False
Is 110186542 composite?
True
Is 8444773 prime?
True
Is 51845957 prime?
True
Is 113119946 prime?
False
Is 148615721 prime?
False
Is 64430299 a composite number?
True
Is 10358417 a composite number?
False
Is 34483949 a prime number?
True
Is 12133529 composite?
True
Is 202416583 a prime number?
False
Is 122424209 prime?
False
Is 1178059 prime?
True
Is 10767755 prime?
False
Is 54573521 a prime number?
True
Is 4375717 a prime number?
True
Is 4551049 a prime number?
True
Is 794430759 prime?
False
Is 2623639 composite?
False
Is 6792449 composite?
False
Is 398179 composite?
True
Is 2818589 composite?
True
Is 883051 a composite number?
True
Is 29992597 composite?
False
Is 1502909 composite?
False
Is 145628591 a prime number?
True
Is 23521021 a prime number?
True
Is 299038841 a composite number?
True
Is 47330161 a composite number?
False
Is 10079887 prime?
True
Is 36778019 prime?
True
Is 86730769 a composite number?
True
Is 116079 a composite number?
True
Is 183987679 a composite number?
False
Is 12919339 composite?
False
Is 479825543 prime?
True
Is 1618181 a composite number?
False
Is 30581 a composite number?
True
Is 162407285 composite?
True
Is 1050589 composite?
True
Is 1981339 a composite number?
True
Is 6786223 prime?
False
Is 13371279 prime?
False
Is 7277279 a prime number?
True
Is 33356987 composite?
False
Is 614041 a composite number?
False
Is 648569267 a composite number?
True
Is 629279 prime?
False
Is 7301893 a prime number?
True
Is 1235191 a prime number?
True
Is 34470367 a prime number?
True
Is 12197189 a composite number?
False
Is 7073813 prime?
True
Is 2007599 composite?
True
Is 193990681 a composite number?
False
Is 93387031 a prime number?
False
Is 319297 a prime number?
False
Is 34521793 a composite number?
False
Is 241717549 a prime number?
True
Is 160451359 a prime number?
True
Is 2791291 a composite number?
True
Is 54802561 prime?
False
Is 374747291 prime?
False
Is 1078477 composite?
True
Is 6691817 prime?
False
Is 2655517 a prime number?
True
Is 22353559 composite?
False
Is 3301217 a composite number?
False
Is 562762 composite?
True
Is 77396923 prime?
True
Is 127241317 prime?
False
Is 3085031 prime?
False
Is 640271 a composite number?
True
Is 46000363 a composite number?
False
Is 2043389 prime?
False
Is 1155097 a composite number?
False
Is 92097889 prime?
False
Is 7920951 prime?
False
Is 321803 prime?
False
Is 6368513 prime?
False
Is 2883371 prime?
True
Is 6180227 composite?
True
Is 3138461 composite?
True
Is 8494897 a prime number?
True
Is 20620957 composite?
True
Is 9445307 composite?
False
Is 177029333 composite?
True
Is 122729287 prime?
True
Is 25718519 prime?
True
Is 13982707 prime?
False
Is 83117711 a composite number?
True
Is 11934547 prime?
False
Is 731501 composite?
False
Is 19207529 prime?
False
Is 7479677 composite?
True
Is 1062379 composite?
False
Is 25396781 a prime number?
False
Is 107217629 a composite number?
False
Is 4334293 composite?
True
Is 125497261 a composite number?
True
Is 9195605 prime?
False
Is 8535029 a prime number?
True
Is 5351054611 prime?
False
Is 22814851 a composite number?
True
Is 1368299 prime?
False
Is 102826799 prime?
True
Is 1393097 prime?
True
Is 3475403 prime?
True
Is 5521361 prime?
True
Is 8924081 a composite number?
False
Is 43297994 a composite number?
True
Is 284887 a composite number?
True
Is 2493223 prime?
False
Is 42627067 prime?
False
Is 5592217 a prime number?
False
Is 70858703 a prime number?
False
Is 5083469 a composite number?
True
Is 18742107 a prime number?
False
Is 1971859 a prime number?
False
Is 2612713 a prime number?
False
Is 25181549 prime?
True
Is 21007587 a composite number?
True
Is 3262513 a composite number?
True
Is 158951809 prime?
True
Is 213189682 a prime number?
False
Is 2270581 a prime number?
False
Is 1425251 a prime number?
True
Is 39469 a prime number?
False
Is 19286633 prime?
False
Is 10342699 composite?
False
Is 12000023 prime?
False
Is 3754721 prime?
True
Is 10769299 prime?
True
Is 2826979 composite?
False
Is 913553 a composite number?
True
Is 9507007 composite?
False
Is 74729383 a composite number?
True
Is 6081547 composite?
True
Is 559019 prime?
False
Is 59751943 a composite number?
False
Is 382093 a prime number?
False
Is 9047003 a prime number?
False
Is 93053867 prime?
True
Is 9445913 a composite number?
True
Is 673688621 prime?
False
Is 6477059 prime?
True
Is 15215003 prime?
True
Is 135370363 a composite number?
False
Is 14248031 a prime number?
False
Is 3679309 a composite number?
False
Is 11571479 a prime number?
False
Is 298947871 composite?
True
Is 97021 composite?
False
Is 2517317 composite?
True
Is 3682687 composite?
False
Is 5644829 a prime number?
True
Is 67080331 prime?
False
Is 10633195 a prime number?
False
Is 2275867 a composite number?
True
Is 2469277 composite?
False
Is 261327193 a prime number?
True
Is 11430853 a prime number?
False
Is 24694739 prime?
True
Is 96537851 a prime number?
True
Is 24584729 composite?
True
Is 6782929 a prime number?
True
Is 1175827 prime?
False
Is 50806447 a composite number?
False
Is 225469 prime?
False
Is 108146663 a composite number?
False
Is 12780973 composite?
False
Is 29660503 a composite number?
False
Is 4408057 composite?
True
Is 2127721 a prime number?
True
Is 8096398 a composite number?
True
Is 22247 prime?
True
Is 1015301 a composite number?
True
Is 1319639 composite?
True
Is 307193 prime?
False
Is 90217201 a prime number?
False
Is 204403511 prime?
False
Is 589997 prime?
True
Is 59762077 composite?
True
Is 284475515 a composite number?
True
Is 24029 a composite number?
False
Is 39937049 composite?
True
Is 9575407 composite?
True
Is 27447649 prime?
True
Is 279109 a prime number?
True
Is 2841989 prime?
True
Is 81942451 a composite number?
False
Is 6297647 composite?
False
Is 12494771 composite?
False
Is 113697173 composite?
True
Is 4227007 a prime number?
False
Is 204440213 a prime number?
True
Is 15030703 prime?
False
Is 15584479 prime?
True
Is 4670033 composite?
False
Is 216866063 composite?
True
Is 279607 composite?
False
Is 701521 prime?
False
Is 110496469 prime?
True
Is 333821 a prime number?
True
Is 2078143 prime?
False
Is 5512877 a prime number?
True
Is 210655 composite?
True
Is 24213389 prime?
False
Is 12224843 prime?
True
Is 248061113 a composite number?
True
Is 22451621 a composite number?
True
Is 10610695 a composite number?
True
Is 8157763 a composite number?
True
Is 10133141 composite?
True
Is 327490523 composite?
False
Is 56973351 prime?
False
Is 74878873 composite?
False
Is 8722319 a composite number?
True
Is 5502617 prime?
True
Is 920087629 a prime number?
False
Is 57227927 composite?
False
Is 3238241 a composite number?
True
Is 44684606 composite?
True
Is 262211 a composite number?
True
Is 429497 prime?
True
Is 7826905 prime?
False
Is 558401 a composite number?
False
Is 210841619 a composite number?
False
Is 163704671 composite?
True
Is 345113749 a composite number?
True
Is 298899341 composite?
True
Is 13727359 a composite number?
True
Is 4211633 composite?
False
Is 46218905 prime?
False
Is 4305853 prime?
False
Is 35786397 composite?
True
Is 4716661 a composite number?
False
Is 35309587 a composite number?
False
Is 16303949 a composite number?
False
Is 725369 composite?
True
Is 59419117 a prime number?
True
Is 9199981 a composite number?
True
Is 94678411 a composite number?
False
Is 1185799 prime?
False
Is 1172821 a prime number?
False
Is 418043 prime?
True
Is 3689183 composite?
False